 (14372/6)/(-9 + (-1719)/(-189)) a composite number?
True
Suppose -5*z = 8*z - 10673. Is z composite?
False
Let y = -145 + 51. Let i = y - -243. Is i composite?
False
Is (2 + -7 - -9) + 1843 a prime number?
True
Let o(w) = -8*w + 25. Let j(q) = -q**3 - 3*q**2 + 7*q + 12. Let i be j(-3). Is o(i) prime?
True
Suppose -6012 = 11*b - 15*b. Suppose h + 0*h = l + b, -3*l = -h + 1495. Is h a composite number?
True
Let i be (-4 - -5 - -29)/1. Suppose -3*s = -8*s + i. Is (-4365)/(-30)*4/s prime?
True
Suppose -107 - 13 = -5*g. Suppose 15*f + 21321 = g*f. Is f prime?
False
Let g(f) = 2*f**2 - f - 6. Let i be g(-3). Suppose -5*v + 0 = -i. Is v prime?
True
Let s = -1057 + 1324. Is s a prime number?
False
Let h = 85 + -257. Suppose -n = -5*m - 1243, -2*n - 42 = m + 211. Let x = h - m. Is x a prime number?
False
Is (6 + (-232)/32)/((-2)/6296) prime?
False
Let s = 20606 + -9889. Is s a composite number?
True
Let s be 1*5/((-10)/(-6)). Suppose -2*k + s = 1. Let t(n) = 3*n - 1. Is t(k) composite?
False
Is (-2 - (-15)/6)/(11/748) a composite number?
True
Suppose -2*i - 24948 = -2*t - 4*i, 5*i = -2*t + 24933. Is t a prime number?
True
Is 2/(-9) + 324260/36 a composite number?
False
Let g be (-1)/((-2 + 0)/(-2)) + -1. Is (-2 + (-2625)/10)*g prime?
False
Let z(h) = -h + 106. Let q be z(0). Suppose -4*k - 8 = -0*k, 0 = 5*c - 2*k + 21. Is q + c - (-2)/1 a composite number?
False
Let l be (-7)/21 + (-85)/(-3). Let x = l + -20. Let n(c) = 2*c + 6. Is n(x) a composite number?
True
Let s be 1/(-4 - (-21)/5). Suppose 5*j - 451 = -p, -s*j = -0*j. Is p composite?
True
Let j(w) = 4*w**2 + 5*w**2 + 39*w + 0*w**2 + 7 + 3*w**2. Is j(8) composite?
False
Let g(v) = -3*v - 37. Let t be g(11). Let s = 459 + t. Is s prime?
True
Let w be 2/2 - -1 - -3. Suppose -7 = -w*q + 8. Suppose -652 = -q*v - v. Is v a prime number?
True
Let j(b) = 72*b**3 - b**2 + b - 1. Let d be j(1). Let r = 369 - d. Is ((-8)/16)/((-1)/r) a composite number?
False
Suppose f = -4*q + 1127, -2*q - 2*f + 560 = 2*f. Let z = 6 + -4. Suppose q = z*t - 0*t. Is t composite?
True
Let z(i) be the first derivative of 5 - 5*i + 1/3*i**3 - 2*i**2. Is z(-6) a composite number?
True
Suppose 2*g - f - 748 - 621 = 0, 4*g - 2729 = 5*f. Suppose h - g = -3*j, j = -5*h + 2362 + 1138. Is h a composite number?
False
Suppose 3*v - 1264 = -v. Suppose j = 2*j + v. Is (-6)/(-9) + j/(-3) prime?
False
Let d = 9 + -4. Suppose -d*b + 1274 = -3*v, 5*b = 2*b + 3*v + 768. Is b a prime number?
False
Is 10 - (-11 - 0 - 33128) a composite number?
False
Suppose 1621 = 53*m - 54*m. Let u = m - -2322. Is u a composite number?
False
Let t = 13994 - 9291. Is t a prime number?
True
Let s(k) = -1376*k - 5. Let w = 21 - 23. Let r be s(w). Suppose -5*a - r = -2*t, 0 = 2*t + 4*a - 3253 + 551. Is t a composite number?
False
Let k(n) = n**3 - 9*n**2 - 2*n - 1. Suppose -2 = z, -6*z + z - 18 = -2*f. Let d be k(f). Let u = -52 - d. Is u prime?
True
Suppose -32*b = -15*b - 26673. Is b composite?
True
Suppose -85 = -11*t + 3. Is (t/28 + (-506)/(-42))*183 composite?
True
Let p = 30 - -36. Let m be p/4*20/30. Is m + 389 - (3 + 0) prime?
True
Let f(y) = -y**2 - 3*y + 58. Let k be f(-9). Let t(o) = 735*o - 1. Is t(k) prime?
True
Suppose 15*x - 16*x + 2743 = 0. Is x a prime number?
False
Suppose -65*y + 63*y = -24014. Is y a composite number?
False
Let m be (1188/5 + -3)/((-1)/(-5)). Suppose m = 6*c - 3*c. Is c a composite number?
True
Let q = 8 - 12. Let c(v) = -5*v + 8*v - 29*v - 7. Is c(q) composite?
False
Let j(z) = z**3 - 15*z**2 + 1. Let c be j(6). Let l = c + 546. Is l a prime number?
True
Let o(p) = -15 + 11*p - 7*p + 28*p. Is o(11) prime?
True
Let y = 14551 - 10354. Is y composite?
True
Let x be (1480/(-15))/(-8)*3. Suppose -5*v = -25, 0*c = 2*c + 5*v - 81. Suppose x + c = r. Is r prime?
False
Let t = 209 - 150. Let q be (66/10 + -1)*-5. Let h = q + t. Is h prime?
True
Suppose 0 = -z - z + 7778. Suppose z = 3*h + 2*t, 6*h - 4*t = 2*h + 5192. Is h composite?
False
Let a(j) = -504*j + 190. Let r(x) = 101*x - 38. Let y(h) = 2*a(h) + 11*r(h). Is y(9) prime?
False
Let d be ((-238)/35)/(1*2/(-1430)). Let m = d - 2895. Is m composite?
True
Suppose 449 = -5*b - 86. Let w = 0 + 8. Let g = w - b. Is g a prime number?
False
Let p be -26*(3 + (-7)/2). Let f(b) = b**2 - 12*b - 8. Let z be f(p). Suppose -5*o + 2*q + 2071 = 400, -z*o - 3*q + 1681 = 0. Is o prime?
False
Let i(s) = -s**3 + 9*s**2 - 6*s - 14. Let z be i(8). Suppose z*u - 1774 = -v - 4*v, -2*v + 885 = u. Is u composite?
False
Let k be -3 - -145 - (1 - 2). Suppose 7*b + 3*r - 231 = 2*b, 3*b - k = -4*r. Is 1/1*b/5 a composite number?
True
Let n(z) = z**2 - 22*z + 30. Let x be n(11). Let o = x - -112. Is o a composite number?
True
Let u(y) = 14*y**2 + 50*y + 25. Is u(22) a prime number?
True
Let x(q) = -q**3 - 36*q**2 - 53*q - 61. Is x(-36) a composite number?
False
Let c = -10 + 8. Let i be c/3*450/(-12). Suppose -i*a - 406 = -27*a. Is a composite?
True
Let w = -7 - -5. Let b(n) = -n**3 - n**2 + 3*n + 1. Let k be b(w). Is k*(-17)/(-2)*-14 a prime number?
False
Suppose 2*v + 0*c = 3*c + 11338, 3*v + 4*c - 17007 = 0. Is v prime?
True
Suppose 16 = 4*t, h + 7*t - 4*t = 14381. Is h a prime number?
True
Let s = 6 - -5. Suppose -2*a + s = -a - 3*i, 0 = -2*a + 3*i + 13. Suppose a*g = -0*g + 66. Is g prime?
False
Let z be -8 + 65 - (1 + 0). Suppose -3*x + 3*b + z = 7*b, -x + 4*b = 8. Is 122 - (-1)/((-4)/x) composite?
True
Let f = -1333 + 5724. Is f a composite number?
False
Suppose 8*k - 9*k + n + 4441 = 0, 5*n - 8896 = -2*k. Is k composite?
True
Suppose 3*z = 2*z. Let t = 168 - 109. Let s = t - z. Is s composite?
False
Suppose 0 = -43*m + 39*m + 48. Is ((-7940)/(-24))/1 - (-2)/m a composite number?
False
Suppose 0 = b + 4, 36 = 4*c - 5*b - 0*b. Suppose 4*u + 1504 = c*s, -5*s + 2*s + 1123 = 2*u. Suppose 5*z = -3*t - 2*t + s, -5*z + 363 = 2*t. Is z prime?
True
Let i = -148 + 275. Suppose -2*q = 5*w + i - 1, 0 = -2*q + 5*w - 166. Let o = q - -152. Is o a prime number?
True
Suppose 5*v + 4*o - 44921 - 14374 = 0, -2*o = 10. Is v a prime number?
True
Suppose 2*h = -j + 2412, h + 4*j - 113 = 1086. Is h prime?
False
Let k(x) = 13 + 0*x - 5 - 15*x - 14. Is k(-5) prime?
False
Is 71381/8 + 87/232 prime?
True
Let t be (-2)/(-2*2/6). Let v = t - 3. Suppose v = -k + 5*k - 564. Is k prime?
False
Let b be 2 - 9/((-9)/4706). Suppose 3*k - b - 3377 = 0. Suppose -2*i - i = j - 1348, 0 = -2*j - 5*i + k. Is j prime?
False
Is 131976/40 - (4 - (-72)/(-20)) composite?
False
Suppose -1132 - 176 = -6*m. Let s = m + 161. Is s prime?
True
Let x(t) = -7*t - 19. Let f(g) = 14*g + 37. Let q(r) = -3*f(r) - 7*x(r). Suppose -3*v = -0*v + z - 41, 1 = -v - 4*z. Is q(v) prime?
True
Suppose -63240 = -4*r - 5*h, 4 = r - 4*h - 15827. Is r a prime number?
False
Suppose -f - f = -8. Suppose -5*k = f*k - 1989. Is k a prime number?
False
Suppose 0 = -3*j - 2*y + 1217, j - 4*y + 0*y - 429 = 0. Let w = -50 + j. Is w a prime number?
True
Suppose b + 291 = 1180. Is b a composite number?
True
Let f = 15 - -7. Let q = f + -14. Suppose -q*t + 4*t = -892. Is t composite?
False
Suppose 7*g = 65835 + 67746. Is g a prime number?
False
Let j = 16460 - 6139. Is j prime?
True
Let h be 6/(-12) - 31/2. Let x(b) = -10*b - 19. Is x(h) a prime number?
False
Let r = 30204 - 15811. Is r a composite number?
True
Let x(p) = -560*p + 25. Let c(f) = -1. Let m(g) = -30*c(g) - x(g). Is m(1) a composite number?
True
Suppose -2*t - 8 = -2*s, 3*s - 3 = 5*t + 15. Let h(r) = 19*r**2 - 5*r - 3. Let q be h(t). Let n = q + -34. Is n prime?
True
Suppose -3*f - 165 = -4248. Suppose h - f = -0*h. Is h a composite number?
False
Is 51936 + -14*(-6)/(-12) composite?
False
Let k = -5026 - -12639. Is k a composite number?
True
Let c = -2 - -5. Suppose c*f + 6*s = 4*s - 243, 2*s = 0. Let p = -34 - f. Is p a prime number?
True
Suppose -j = -p - 116 - 115, 0 = 2*j + 2*p - 470. Suppose 2*x + 2859 = 3*q, q - 2*x = j + 720. Is q prime?
True
Let m(b) = 14*b**2 + 6*b + 11. Let h = -64 + 73. Is m(h) a composite number?
True
Let f(h) = 1188*h + 71. Is f(5) composite?
False
Is ((0 - 3) + -2875)/(6/(-3)) composite?
False
Let t(y) = -2122*y**3 + 7*y**2 - 4*y + 6. Let x(u) = -2121*u**3 + 6*u**2 - 3*u + 5. Let b(k) = -4*t(k) + 5*x(k). Is b(-1) a prime number?
False
Let s be -509*5/(25/(-5)). Suppose -2*g - 43 + s = 0